*a - 2*a + 15. Let j = -3 - a. Calculate the remainder when x is divided by j.
0
Suppose -8 = 4*k - 24, 5*h - 32 = -3*k. Let v(a) = a**3 - 7 - 6*a + h*a + 6*a**2 + 0*a. Calculate the remainder when v(-6) is divided by 3.
2
Suppose 2*h + 2*w - 24 = 0, -h = -5*w - 12 + 30. Calculate the remainder when 19 is divided by h.
5
Let m(u) = -21*u. Let c be m(-1). Suppose -c = -n + 13. Suppose -2*f + 144 = 2*f + 4*x, f + 3*x - n = 0. What is the remainder when f is divided by 13?
11
Suppose -1 = t - p + 5, 16 = -4*t + 2*p. Let g be 1 + (-14 - (-3 - t)). Calculate the remainder when ((-3)/2)/(g/80) is divided by 6.
4
Suppose k - 80 = -3*k. Let r = -12 + k. Suppose -3*l - 14 = -4*l. Calculate the remainder when l is divided by r.
6
Suppose -l = -5*l + 8. Suppose l*f + 4 = 3*w - 98, 0 = 2*w - 3*f - 63. What is the remainder when w is divided by 19?
17
Suppose -5*t = 5*g - 692 + 117, -2*g - 5*t = -239. What is the remainder when 32 is divided by 3/(-15) - g/(-10)?
10
Suppose r + 2*r = 96. Suppose 0*t + r = 4*t. Calculate the remainder when 29 is divided by t.
5
Let y be ((-66)/55)/(6/(-20)). Suppose 5*l = y*l + 13. Calculate the remainder when l is divided by 5.
3
Calculate the remainder when (-2)/6 + 219/9 is divided by 5.
4
Let z(b) = -6*b + 1. Let u be z(-7). Let c = u + 17. Suppose -34 = -2*r - 4*i + 6, 3*r - c = -3*i. What is the remainder when r is divided by 11?
9
What is the remainder when (1/(2 - 0))/((-3)/(-168)) is divided by 11?
6
Calculate the remainder when ((-92)/5)/((-4)/10) is divided by 12.
10
Let z(x) = -x - 8. Let j be z(-6). Let u(n) be the first derivative of 2*n**3 + n**2/2 - 1. Calculate the remainder when u(j) is divided by 8.
6
Let t = 19 - 12. Suppose 0 = -y + 50 + 4. Suppose -6 - y = -5*n. Calculate the remainder when n is divided by t.
5
Suppose -5 = -2*f - 1. Suppose 0 = f*b + b - 24. What is the remainder when b is divided by 5?
3
What is the remainder when ((-7)/(-3))/((-2)/(-114)) is divided by 27?
25
Let r(o) be the first derivative of -3*o**2 - 1/4*o**4 - 5/3*o**3 - o + 1. Calculate the remainder when 20 is divided by r(-4).
6
Suppose 5*p = 2*p. Suppose -2*c + 5*z + 38 = -14, p = -4*c - 5*z + 74. Calculate the remainder when c is divided by 12.
9
Let q(d) = -2*d**3 - 8*d**2 + d + 3. What is the remainder when q(-5) is divided by 13?
9
Let f = -9 - -19. Suppose 77 = 4*l - 75. What is the remainder when l is divided by f?
8
Calculate the remainder when ((-44)/12)/(2/(-18)) is divided by 12.
9
Suppose 3*d + 0*u = u + 134, -u = 5*d - 210. Let w(l) = -l**3 + 9*l**2 - l + 20. Calculate the remainder when d is divided by w(9).
10
Let t = 23 + 5. Suppose 0*h + t = h. What is the remainder when h is divided by 10?
8
Suppose -10*a = -7*a - 102. Calculate the remainder when 97 is divided by a.
29
Suppose q + 12 = -3*q. Let d(h) = h**3 + 3*h**2 - h + 1. Calculate the remainder when d(q) is divided by 1/(1/3) + -1.
0
Let h = 8 - 5. What is the remainder when 6 is divided by h?
0
Let c(z) be the first derivative of -z**3/3 + 3*z**2 + 5*z + 4. What is the remainder when 28 is divided by c(5)?
8
Suppose -10 - 2 = -3*j. Let k(z) = z**3 + 11*z**2 - z + 8. Calculate the remainder when k(-11) is divided by j.
3
Let z = 172 + -117. Calculate the remainder when z is divided by 34.
21
Suppose -7*o = y - 9*o - 144, 4*y - 4*o = 560. Calculate the remainder when y is divided by 28.
24
Let y = 1 - -3. Let n = 8 - y. Let o = -4 - -10. Calculate the remainder when o is divided by n.
2
Let q = 7 + 4. Suppose -3*h = 2*c - 8, -h - 2*c - 14 = 2*c. What is the remainder when q is divided by h?
5
Suppose 0 = j - 4*r - 23, 6*j - j - 69 = -3*r. What is the remainder when j is divided by 10?
5
Suppose -3*w = 2*w + 45. Let l = w - -17. Let s(j) = 4*j - 6. Calculate the remainder when s(l) is divided by 14.
12
Let j = 9 + 25. Suppose -19 + 1 = -2*x. Calculate the remainder when j is divided by x.
7
Let d(a) = -8*a - 6. What is the remainder when d(-10) is divided by 15?
14
Let g = 16 + -13. Let m(d) = d**3 - 3*d**2 + 2*d - 1. What is the remainder when 12 is divided by m(g)?
2
Suppose 3*t + t - 4*p = 0, 0 = t - 2*p + 1. What is the remainder when t is divided by 1?
0
Suppose 0 = 5*x - x - 64. Suppose -4*q + x + 36 = 0. Calculate the remainder when 37 is divided by q.
11
Let m = 17 + -12. Let o = -7 + 3. Let g = o + m. What is the remainder when 2 is divided by g?
0
Let j = 16 + -9. Let f(b) = -b**3 - 5*b**2 - 3*b + 9. Calculate the remainder when f(-5) is divided by j.
3
Suppose -4*r + 33 - 5 = 0. What is the remainder when r is divided by 2?
1
Let t(u) = -2*u**3 + 4*u**2 + 4*u + 5. Let j be t(4). Let p = j - -66. Calculate the remainder when 44 is divided by p.
21
Let p be -1 + 0 + 10/2. Let s(v) = v**2 - 2*v - 3. Let r be s(p). Suppose 9 = -3*x, o + r*x - 11 = -o. What is the remainder when o is divided by 7?
6
Suppose -57 = -3*j + 15. Let h = 24 + -11. What is the remainder when j is divided by h?
11
Suppose 3*r = -2*q + 6*r - 54, -2*r - 4 = 0. Let d = -21 - q. Calculate the remainder when 35 is divided by d.
8
Let m = -40 - -89. Suppose -478 = -16*d - 78. What is the remainder when m is divided by d?
24
Let x(d) = 4*d**2 + 2*d - 7. What is the remainder when 101 is divided by x(2)?
10
Let v(n) = 3*n**2 + 3*n + 4. Let l be v(-3). Let g = -10 + l. What is the remainder when g is divided by 5?
2
Suppose -t - 2*b = -31, 4*t = -t - 3*b + 127. Suppose 5*u + t = 158. What is the remainder when u is divided by 15?
12
Suppose 0 = 5*d + 11*d - 64. What is the remainder when 5 is divided by d?
1
Let j = 32 - 29. What is the remainder when 3 is divided by j?
0
Suppose 0 = -k + 12 + 56. Calculate the remainder when k is divided by 14.
12
Let c(o) = o + 36. Let x be c(0). Let a be (-4)/(-18) - (-352)/x. Calculate the remainder when (-810)/(-25) - 4/a is divided by 11.
10
Let b = 29 + -20. Suppose -4*f - 2 = 22. Let m = f + b. What is the remainder when m is divided by 2?
1
Let l be -2 + ((-18)/(-1))/3. Calculate the remainder when 13 is divided by (-58)/(-8) - 1/l.
6
Suppose -3*i + t + 15 = -2*i, -5*t + 55 = 5*i. Calculate the remainder when i is divided by 7.
6
Suppose 0 = -c + 5, -4*c - 67 = -5*k + 88. Calculate the remainder when k is divided by 10.
5
Suppose 2*l + 5*p + 31 = 6*l, 0 = 4*l + 5*p - 1. Suppose -42 = -7*z + l*z. What is the remainder when 55 is divided by z?
13
Suppose -2*x - 1 = -5. Suppose 132 = 2*f - 4*q + x*q, 5*f - q = 342. What is the remainder when f is divided by 18?
15
Let k = -450 + 638. Suppose 3*h - k = 5*a - 21, -a = -2*h + 102. Calculate the remainder when h is divided by 17.
15
Let l(a) = 3*a**2 - 4*a - 1. Let o = 5 - 10. Let g = o - -8. Calculate the remainder when l(g) is divided by 5.
4
Suppose 2*g + 88 = -4*z, 7*z + 66 = 4*z - 3*g. Let x = 52 + z. Suppose -6 + x = d. Calculate the remainder when d is divided by 13.
11
Let p(r) = r - 1. Let m be p(1). Let x = m - -3. What is the remainder when 4 is divided by x?
1
Let x be 22/6 + (-6)/9. Let p(a) = 0*a**2 - 3*a - a**2 - a - 2*a**x + 1. What is the remainder when p(-3) is divided by 20?
18
Let r = 12 - -2. Suppose -4 = -2*x + r. What is the remainder when 26 is divided by x?
8
Let n(o) = -28*o**3 + o**2 + o. Let z be n(-1). Suppose g + z = -26. Let d = -31 - g. Calculate the remainder when d is divided by 8.
7
Calculate the remainder when (-22 + 34)*6/4 is divided by 7.
4
Let m be (-3*2)/(24/16). Calculate the remainder when 10 is divided by 4*m/(-16)*3.
1
Let f be (3 - 2) + (11 - 0). Let h = f + 18. What is the remainder when h is divided by (-18)/(0 + -1) - 2?
14
Let l be (-5)/(-10) - (-11)/2. Calculate the remainder when (-8)/(-24) + 412/l is divided by 18*(0 - (0 + -1)).
15
Suppose 2*c - c - 9 = 0. Suppose 5*j - 2*j - 48 = 0. What is the remainder when j is divided by c?
7
Let v(d) = d**3 - 7*d**2 + 8*d - 7. Suppose -x = -2*w + 3 + 11, x - 22 = -2*w. Let m = w + 4. Calculate the remainder when m is divided by v(6).
3
Let b(w) = w**2 - 2*w - 3. Let a = 17 + -12. Calculate the remainder when 35 is divided by b(a).
11
Suppose 8 = 4*r - r - 2*l, 0 = -r - 4*l - 16. Suppose v + r*v = 5*h + 28, -20 = 5*h. Calculate the remainder when 15 is divided by v.
7
Suppose -240 = -5*a - 50. Suppose -8 = -b + 4*i + 3, -b = 5*i - a. Suppose -3*y + 1 = -b. Calculate the remainder when 31 is divided b